{"id":241,"date":"2017-12-12T13:09:40","date_gmt":"2017-12-12T11:09:40","guid":{"rendered":"https:\/\/www.jt-line.fi\/sve\/fin\/?page_id=241"},"modified":"2021-02-08T09:07:54","modified_gmt":"2021-02-08T07:07:54","slug":"vesibussi-vispila","status":"publish","type":"page","link":"https:\/\/www.jt-line.fi\/sve\/vesibussi-tilausristeilyt\/tilausristeilyt-alukset-hinnat\/vesibussi-vispila\/","title":{"rendered":"Pw\/s Vispil\u00e4"},"content":{"rendered":"<div class='content-column one_half'><h1>Pw\/s Vispil\u00e4<\/h1>\n<p>Pw\/s Vispil\u00e4 oikea siipirataslaiva ja n\u00e4ht\u00e4vyys jo sin\u00e4ns\u00e4. Se tarjoaa persoonalliset puitteet erilaisille tapahtumille. Matkakuljetuksissa Vispil\u00e4n kapasiteetti on jopa 250 henkil\u00f6\u00e4, mutta juhla-ateriointiin alus soveltuu noin 90 vieraalle. Tilavan salongin p\u00f6yt\u00e4ryhmi\u00e4 voidaan helposti muunnella tilaisuuteenne luonteen, vieraiden m\u00e4\u00e4r\u00e4n, ohjelman ja tarjoilujen mukaan. Voitte vapaasti k\u00e4ytt\u00e4\u00e4 mielikuvitustanne, me autamme suunnittelussa ja toteutuksessa.<\/p>\n<p><strong>Hinta 2021:<\/strong><\/p>\n<ul>\n<li>1. tunti 1045 \u20ac<\/li>\n<li>Seuraavat tunnit 385 \u20ac<\/li>\n<li>Hinnat sis\u00e4lt\u00e4v\u00e4t arvonlis\u00e4veroa 10 %<\/li>\n<\/ul>\n<p><strong>Tekniset tiedot:<\/strong><\/p>\n<ul>\n<li>Alumiinirunkoinen alus<\/li>\n<li>Rakennettu 1993<\/li>\n<li>Pituus 23,97 metri\u00e4, leveys 7,2 metri\u00e4<\/li>\n<li>Suurin sallittu matkustajam\u00e4\u00e4r\u00e4 250 henkil\u00f6\u00e4<\/li>\n<li>Suositusmatkustajam\u00e4\u00e4r\u00e4 risteilyill\u00e4 noin 100-120 henkil\u00f6\u00e4<\/li>\n<li>Suosittelemme alusta lyhyille kuljetuksille noin 120-140 henkil\u00f6lle<\/li>\n<li>Ruokailupaikkoja 100 henkil\u00f6lle (samassa tilassa max. 90 henkil\u00f6lle)<\/li>\n<li>Sis\u00e4ll\u00e4 istumapaikkoja 110 henkil\u00f6lle<\/li>\n<li>Aurinkokannella istumapaikkoja 100 henkil\u00f6lle<\/li>\n<li>Kahvio A-oikeuksin<\/li>\n<\/ul>\n<p><strong>Varustus:\u00a0<\/strong><\/p>\n<ul>\n<li>S\u00e4hk\u00f6 230 V<\/li>\n<li>Kaiuttimet kaikkiin tiloihin<\/li>\n<li>Mikrofoni<\/li>\n<li>CD-soitin<\/li>\n<li>2 x WC<\/li>\n<\/ul>\n<p>Pid\u00e4mme oikeuden hinnankorotukseen arvonlis\u00e4veron osalta, mik\u00e4li alv-% muuttuu.<\/p><\/div><br \/>\n<div class='content-column one_half last_column'><p><img decoding=\"async\" class=\"alignnone size-medium wp-image-845\" src=\"https:\/\/www.jt-line.fi\/sve\/wp-content\/uploads\/sites\/8\/Vispila-kuvat.jpg\" alt=\"\" width=\"350\" height=\"*\" srcset=\"https:\/\/www.jt-line.fi\/sve\/wp-content\/uploads\/sites\/8\/Vispila-kuvat.jpg 650w, https:\/\/www.jt-line.fi\/sve\/wp-content\/uploads\/sites\/8\/Vispila-kuvat-89x300.jpg 89w, https:\/\/www.jt-line.fi\/sve\/wp-content\/uploads\/sites\/8\/Vispila-kuvat-357x1200.jpg 357w\" sizes=\"(max-width: 650px) 100vw, 650px\" \/><br \/><\/div><div class='clear_column'><\/div><\/p>\n","protected":false},"excerpt":{"rendered":"","protected":false},"author":1,"featured_media":0,"parent":158,"menu_order":11,"comment_status":"closed","ping_status":"closed","template":"","meta":{"footnotes":""},"class_list":["post-241","page","type-page","status-publish","hentry"],"yoast_head":"<!-- This site is optimized with the Yoast SEO plugin v27.5 - https:\/\/yoast.com\/product\/yoast-seo-wordpress\/ -->\n<title>Pw\/s Vispil\u00e4 - JT-line - Viapori - R\u00f6nnsk\u00e4r - charter kryssningar<\/title>\n<meta name=\"robots\" content=\"index, follow, max-snippet:-1, max-image-preview:large, max-video-preview:-1\" \/>\n<link rel=\"canonical\" href=\"https:\/\/www.jt-line.fi\/sve\/vesibussi-tilausristeilyt\/tilausristeilyt-alukset-hinnat\/vesibussi-vispila\/\" \/>\n<meta property=\"og:locale\" content=\"sv_SE\" \/>\n<meta property=\"og:type\" content=\"article\" \/>\n<meta property=\"og:title\" content=\"Pw\/s Vispil\u00e4 - JT-line - Viapori - R\u00f6nnsk\u00e4r - charter kryssningar\" \/>\n<meta property=\"og:url\" content=\"https:\/\/www.jt-line.fi\/sve\/vesibussi-tilausristeilyt\/tilausristeilyt-alukset-hinnat\/vesibussi-vispila\/\" \/>\n<meta property=\"og:site_name\" content=\"JT-line - Viapori - R\u00f6nnsk\u00e4r - charter kryssningar\" \/>\n<meta property=\"article:modified_time\" content=\"2021-02-08T07:07:54+00:00\" \/>\n<meta property=\"og:image\" content=\"https:\/\/www.jt-line.fi\/sve\/wp-content\/uploads\/sites\/8\/Vispila-kuvat.jpg\" \/>\n<meta name=\"twitter:card\" content=\"summary_large_image\" \/>\n<meta name=\"twitter:label1\" content=\"Ber\u00e4knad l\u00e4stid\" \/>\n\t<meta name=\"twitter:data1\" content=\"1 minut\" \/>\n<script type=\"application\/ld+json\" class=\"yoast-schema-graph\">{\"@context\":\"https:\\\/\\\/schema.org\",\"@graph\":[{\"@type\":\"WebPage\",\"@id\":\"https:\\\/\\\/www.jt-line.fi\\\/sve\\\/vesibussi-tilausristeilyt\\\/tilausristeilyt-alukset-hinnat\\\/vesibussi-vispila\\\/\",\"url\":\"https:\\\/\\\/www.jt-line.fi\\\/sve\\\/vesibussi-tilausristeilyt\\\/tilausristeilyt-alukset-hinnat\\\/vesibussi-vispila\\\/\",\"name\":\"Pw\\\/s Vispil\u00e4 - JT-line - Viapori - R\u00f6nnsk\u00e4r - charter kryssningar\",\"isPartOf\":{\"@id\":\"https:\\\/\\\/www.jt-line.fi\\\/sve\\\/#website\"},\"primaryImageOfPage\":{\"@id\":\"https:\\\/\\\/www.jt-line.fi\\\/sve\\\/vesibussi-tilausristeilyt\\\/tilausristeilyt-alukset-hinnat\\\/vesibussi-vispila\\\/#primaryimage\"},\"image\":{\"@id\":\"https:\\\/\\\/www.jt-line.fi\\\/sve\\\/vesibussi-tilausristeilyt\\\/tilausristeilyt-alukset-hinnat\\\/vesibussi-vispila\\\/#primaryimage\"},\"thumbnailUrl\":\"https:\\\/\\\/www.jt-line.fi\\\/sve\\\/wp-content\\\/uploads\\\/sites\\\/8\\\/Vispila-kuvat.jpg\",\"datePublished\":\"2017-12-12T11:09:40+00:00\",\"dateModified\":\"2021-02-08T07:07:54+00:00\",\"breadcrumb\":{\"@id\":\"https:\\\/\\\/www.jt-line.fi\\\/sve\\\/vesibussi-tilausristeilyt\\\/tilausristeilyt-alukset-hinnat\\\/vesibussi-vispila\\\/#breadcrumb\"},\"inLanguage\":\"sv-SE\",\"potentialAction\":[{\"@type\":\"ReadAction\",\"target\":[\"https:\\\/\\\/www.jt-line.fi\\\/sve\\\/vesibussi-tilausristeilyt\\\/tilausristeilyt-alukset-hinnat\\\/vesibussi-vispila\\\/\"]}]},{\"@type\":\"ImageObject\",\"inLanguage\":\"sv-SE\",\"@id\":\"https:\\\/\\\/www.jt-line.fi\\\/sve\\\/vesibussi-tilausristeilyt\\\/tilausristeilyt-alukset-hinnat\\\/vesibussi-vispila\\\/#primaryimage\",\"url\":\"https:\\\/\\\/www.jt-line.fi\\\/sve\\\/wp-content\\\/uploads\\\/sites\\\/8\\\/Vispila-kuvat.jpg\",\"contentUrl\":\"https:\\\/\\\/www.jt-line.fi\\\/sve\\\/wp-content\\\/uploads\\\/sites\\\/8\\\/Vispila-kuvat.jpg\",\"width\":650,\"height\":2186},{\"@type\":\"BreadcrumbList\",\"@id\":\"https:\\\/\\\/www.jt-line.fi\\\/sve\\\/vesibussi-tilausristeilyt\\\/tilausristeilyt-alukset-hinnat\\\/vesibussi-vispila\\\/#breadcrumb\",\"itemListElement\":[{\"@type\":\"ListItem\",\"position\":1,\"name\":\"Home\",\"item\":\"https:\\\/\\\/www.jt-line.fi\\\/sve\\\/\"},{\"@type\":\"ListItem\",\"position\":2,\"name\":\"TILAUSRISTEILYT\",\"item\":\"https:\\\/\\\/www.jt-line.fi\\\/sve\\\/vesibussi-tilausristeilyt\\\/\"},{\"@type\":\"ListItem\",\"position\":3,\"name\":\"ALUKSET &#038; HINNAT\",\"item\":\"https:\\\/\\\/www.jt-line.fi\\\/sve\\\/vesibussi-tilausristeilyt\\\/tilausristeilyt-alukset-hinnat\\\/\"},{\"@type\":\"ListItem\",\"position\":4,\"name\":\"Pw\\\/s Vispil\u00e4\"}]},{\"@type\":\"WebSite\",\"@id\":\"https:\\\/\\\/www.jt-line.fi\\\/sve\\\/#website\",\"url\":\"https:\\\/\\\/www.jt-line.fi\\\/sve\\\/\",\"name\":\"JT-line - Viapori - R\u00f6nnsk\u00e4r - charter kryssningar\",\"description\":\"| vesibussi - risteily - Helsingin saaristo - Suomenlinna - Pihlajasaari - Vallisaari\",\"potentialAction\":[{\"@type\":\"SearchAction\",\"target\":{\"@type\":\"EntryPoint\",\"urlTemplate\":\"https:\\\/\\\/www.jt-line.fi\\\/sve\\\/?s={search_term_string}\"},\"query-input\":{\"@type\":\"PropertyValueSpecification\",\"valueRequired\":true,\"valueName\":\"search_term_string\"}}],\"inLanguage\":\"sv-SE\"}]}<\/script>\n<!-- \/ Yoast SEO plugin. -->","yoast_head_json":{"title":"Pw\/s Vispil\u00e4 - JT-line - Viapori - R\u00f6nnsk\u00e4r - charter kryssningar","robots":{"index":"index","follow":"follow","max-snippet":"max-snippet:-1","max-image-preview":"max-image-preview:large","max-video-preview":"max-video-preview:-1"},"canonical":"https:\/\/www.jt-line.fi\/sve\/vesibussi-tilausristeilyt\/tilausristeilyt-alukset-hinnat\/vesibussi-vispila\/","og_locale":"sv_SE","og_type":"article","og_title":"Pw\/s Vispil\u00e4 - JT-line - Viapori - R\u00f6nnsk\u00e4r - charter kryssningar","og_url":"https:\/\/www.jt-line.fi\/sve\/vesibussi-tilausristeilyt\/tilausristeilyt-alukset-hinnat\/vesibussi-vispila\/","og_site_name":"JT-line - Viapori - R\u00f6nnsk\u00e4r - charter kryssningar","article_modified_time":"2021-02-08T07:07:54+00:00","og_image":[{"url":"https:\/\/www.jt-line.fi\/sve\/wp-content\/uploads\/sites\/8\/Vispila-kuvat.jpg","type":"","width":"","height":""}],"twitter_card":"summary_large_image","twitter_misc":{"Ber\u00e4knad l\u00e4stid":"1 minut"},"schema":{"@context":"https:\/\/schema.org","@graph":[{"@type":"WebPage","@id":"https:\/\/www.jt-line.fi\/sve\/vesibussi-tilausristeilyt\/tilausristeilyt-alukset-hinnat\/vesibussi-vispila\/","url":"https:\/\/www.jt-line.fi\/sve\/vesibussi-tilausristeilyt\/tilausristeilyt-alukset-hinnat\/vesibussi-vispila\/","name":"Pw\/s Vispil\u00e4 - JT-line - Viapori - R\u00f6nnsk\u00e4r - charter kryssningar","isPartOf":{"@id":"https:\/\/www.jt-line.fi\/sve\/#website"},"primaryImageOfPage":{"@id":"https:\/\/www.jt-line.fi\/sve\/vesibussi-tilausristeilyt\/tilausristeilyt-alukset-hinnat\/vesibussi-vispila\/#primaryimage"},"image":{"@id":"https:\/\/www.jt-line.fi\/sve\/vesibussi-tilausristeilyt\/tilausristeilyt-alukset-hinnat\/vesibussi-vispila\/#primaryimage"},"thumbnailUrl":"https:\/\/www.jt-line.fi\/sve\/wp-content\/uploads\/sites\/8\/Vispila-kuvat.jpg","datePublished":"2017-12-12T11:09:40+00:00","dateModified":"2021-02-08T07:07:54+00:00","breadcrumb":{"@id":"https:\/\/www.jt-line.fi\/sve\/vesibussi-tilausristeilyt\/tilausristeilyt-alukset-hinnat\/vesibussi-vispila\/#breadcrumb"},"inLanguage":"sv-SE","potentialAction":[{"@type":"ReadAction","target":["https:\/\/www.jt-line.fi\/sve\/vesibussi-tilausristeilyt\/tilausristeilyt-alukset-hinnat\/vesibussi-vispila\/"]}]},{"@type":"ImageObject","inLanguage":"sv-SE","@id":"https:\/\/www.jt-line.fi\/sve\/vesibussi-tilausristeilyt\/tilausristeilyt-alukset-hinnat\/vesibussi-vispila\/#primaryimage","url":"https:\/\/www.jt-line.fi\/sve\/wp-content\/uploads\/sites\/8\/Vispila-kuvat.jpg","contentUrl":"https:\/\/www.jt-line.fi\/sve\/wp-content\/uploads\/sites\/8\/Vispila-kuvat.jpg","width":650,"height":2186},{"@type":"BreadcrumbList","@id":"https:\/\/www.jt-line.fi\/sve\/vesibussi-tilausristeilyt\/tilausristeilyt-alukset-hinnat\/vesibussi-vispila\/#breadcrumb","itemListElement":[{"@type":"ListItem","position":1,"name":"Home","item":"https:\/\/www.jt-line.fi\/sve\/"},{"@type":"ListItem","position":2,"name":"TILAUSRISTEILYT","item":"https:\/\/www.jt-line.fi\/sve\/vesibussi-tilausristeilyt\/"},{"@type":"ListItem","position":3,"name":"ALUKSET &#038; HINNAT","item":"https:\/\/www.jt-line.fi\/sve\/vesibussi-tilausristeilyt\/tilausristeilyt-alukset-hinnat\/"},{"@type":"ListItem","position":4,"name":"Pw\/s Vispil\u00e4"}]},{"@type":"WebSite","@id":"https:\/\/www.jt-line.fi\/sve\/#website","url":"https:\/\/www.jt-line.fi\/sve\/","name":"JT-line - Viapori - R\u00f6nnsk\u00e4r - charter kryssningar","description":"| vesibussi - risteily - Helsingin saaristo - Suomenlinna - Pihlajasaari - Vallisaari","potentialAction":[{"@type":"SearchAction","target":{"@type":"EntryPoint","urlTemplate":"https:\/\/www.jt-line.fi\/sve\/?s={search_term_string}"},"query-input":{"@type":"PropertyValueSpecification","valueRequired":true,"valueName":"search_term_string"}}],"inLanguage":"sv-SE"}]}},"_links":{"self":[{"href":"https:\/\/www.jt-line.fi\/sve\/wp-json\/wp\/v2\/pages\/241","targetHints":{"allow":["GET"]}}],"collection":[{"href":"https:\/\/www.jt-line.fi\/sve\/wp-json\/wp\/v2\/pages"}],"about":[{"href":"https:\/\/www.jt-line.fi\/sve\/wp-json\/wp\/v2\/types\/page"}],"author":[{"embeddable":true,"href":"https:\/\/www.jt-line.fi\/sve\/wp-json\/wp\/v2\/users\/1"}],"replies":[{"embeddable":true,"href":"https:\/\/www.jt-line.fi\/sve\/wp-json\/wp\/v2\/comments?post=241"}],"version-history":[{"count":0,"href":"https:\/\/www.jt-line.fi\/sve\/wp-json\/wp\/v2\/pages\/241\/revisions"}],"up":[{"embeddable":true,"href":"https:\/\/www.jt-line.fi\/sve\/wp-json\/wp\/v2\/pages\/158"}],"wp:attachment":[{"href":"https:\/\/www.jt-line.fi\/sve\/wp-json\/wp\/v2\/media?parent=241"}],"curies":[{"name":"wp","href":"https:\/\/api.w.org\/{rel}","templated":true}]}}