{"id":2744,"date":"2022-10-03T20:50:47","date_gmt":"2022-10-03T17:50:47","guid":{"rendered":"https:\/\/www.jt-line.fi\/sve\/?page_id=2744"},"modified":"2022-10-05T19:20:18","modified_gmt":"2022-10-05T16:20:18","slug":"farjan-silons-sang","status":"publish","type":"page","link":"https:\/\/www.jt-line.fi\/sve\/farjan-silons-sang\/","title":{"rendered":"Silons S\u00e5ng: F\u00e4rjan mellan Salutorget och Kronbergsstranden 7.-9.10.2022"},"content":{"rendered":"<h1>Silons S\u00e5ng: F\u00e4rjan mellan Salutorget och Kronbergsstranden 7.-9.10.2022<\/h1>\n<p><em>Stanna upp en stund och smaka p\u00e5 stj\u00e4rnstoftet. M\u00e5la dr\u00f6mmarnas vackraste f\u00e5gelflock i ditt sinne och k\u00e4nn efter \u2013 hur ser den ut, hur l\u00e5ter den? Var kommer f\u00e5glarna ifr\u00e5n och vart \u00e4r de p\u00e5 v\u00e4g?<\/em><\/p>\n<p><img loading=\"lazy\" decoding=\"async\" class=\"alignnone size-full wp-image-3386\" src=\"https:\/\/www.jt-line.fi\/wp-content\/uploads\/Siilo-Soi.png\" alt=\"\" width=\"800\" height=\"300\" \/><br \/>\n<em>Bild: 110th Street Productions \/ Helsinki Partners<\/em><\/p>\n<p>JT-Lines vattenbuss m\/s Chapman opererar tidtabellsenlig trafik fr\u00e5n Salutorget till Kronbergsstranden fr\u00e5n fredag till s\u00f6ndag 7.-9.10.2022: d\u00e5 det firas den tredje och sista \u00f6ppna d\u00f6rrars dagar i gamla oljecisternen, Cistern 468 i och med <strong><a href=\"https:\/\/www.uuttahelsinkia.fi\/sv\/silonssang\" target=\"_blank\" rel=\"noopener\">Siilo Soi! &#8211; Silons S\u00e5ng<\/a><\/strong> evenemanget, som \u00e4r ett installationskonstverk med ljud och ljus. \u201dIpnos &#8211; Lintujen kuiske\u201d-konstverket som byggts i den gamla oljecisternen kan upplevas b\u00e5de innanf\u00f6r och utanf\u00f6r cisternen mellan kl 17-22.<\/p>\n<p><em>I dr\u00f6mv\u00e4rlden av ljus och ljud, d\u00e4r de vanliga fysiklagarna inte g\u00e4ller, sl\u00e4pps f\u00e5glarna fria till omfamningen av himlen \u00f6ver staden.<\/em><\/p>\n<p><em>Ipnos avslutar trilogin Siilo soi som redan under tv\u00e5 tidigare h\u00f6star kompletterat landskapsverket Cistern 468 i Kronbergsstranden med ljudelement. Verkserien fick sin b\u00f6rjan n\u00e4r coronapandemin skapade ett behov av att kunna njuta av konst tryggt utomhus.<\/em>.<\/p>\n<p><strong>Avg\u00e5ngsbryggor:<\/strong><br \/>\n<strong><a href=\"https:\/\/goo.gl\/maps\/RVURy8xjMMeq9kUi7\" target=\"_blank\" rel=\"noopener\">Salutorget &gt;&gt;<\/a><\/strong><br \/>\n<strong><a href=\"https:\/\/goo.gl\/maps\/VtXrn6LPaLg2kvBr8\" target=\"_blank\" rel=\"noopener\">Kronbergsstranden &gt;&gt;<\/a><\/strong><\/p>\n<hr \/>\n<p>Det l\u00f6nar sig att rikta sig fr\u00e5n Kronbergsstranden till Salutorgets h\u00e5ll ocks\u00e5, f\u00f6r den 2.-8.10.2022 firas <strong><a href=\"https:\/\/silakkamarkkinat.fi\/\" target=\"_blank\" rel=\"noopener\">Helsingfors Str\u00f6mmingsmarknad,<\/a><\/strong>\u00a0och 8.-9.10.2022 kan man f\u00f6rundra sig \u00f6ver ett antal traditionella segelskepp p\u00e5 Tervasaaren Tynnyri-seglingst\u00e4vlingen, samt den <a href=\"http:\/\/purjelaivasatama.com\/\" target=\"_blank\" rel=\"noopener\"><strong>Traditionella Segelskeppsdagen<\/strong><\/a> som ordnas f\u00f6r den 35e g\u00e5ngen i \u00e5r.<\/p>\n<hr \/>\n<h1>Tidtabell<\/h1>\n<table style=\"border-collapse: collapse; width: 100%;\" border=\"1\">\n<tbody>\n<tr style=\"height: 23px;\">\n<td style=\"width: 33.3333%; height: 23px;\"><strong><a href=\"https:\/\/goo.gl\/maps\/RVURy8xjMMeq9kUi7\" target=\"_blank\" rel=\"noopener\">Fr\u00e5n Salutorget<\/a><\/strong><\/td>\n<td style=\"width: 33.3333%; height: 23px;\"><a href=\"https:\/\/goo.gl\/maps\/PESKSd2rA97seFBJ6\" target=\"_blank\" rel=\"noopener\"><b>Fr\u00e5n Kronbergsstranden<\/b><\/a><\/td>\n<\/tr>\n<tr style=\"height: 23px;\">\n<td style=\"width: 33.3333%; height: 23px;\"><\/td>\n<td style=\"width: 33.3333%; height: 23px;\">16.00<\/td>\n<\/tr>\n<tr style=\"height: 23px;\">\n<td style=\"width: 33.3333%; height: 23px;\">16.30<\/td>\n<td style=\"width: 33.3333%; height: 23px;\">17.00<\/td>\n<\/tr>\n<tr style=\"height: 23px;\">\n<td style=\"width: 33.3333%; height: 23px;\">17.30<\/td>\n<td style=\"width: 33.3333%; height: 23px;\">18.00<\/td>\n<\/tr>\n<tr style=\"height: 23px;\">\n<td style=\"width: 33.3333%; height: 23px;\">18.30<\/td>\n<td style=\"width: 33.3333%; height: 23px;\">19.00<\/td>\n<\/tr>\n<tr style=\"height: 23px;\">\n<td style=\"width: 33.3333%; height: 23px;\">19.30<\/td>\n<td style=\"width: 33.3333%; height: 23px;\">20.00<\/td>\n<\/tr>\n<tr style=\"height: 23px;\">\n<td style=\"width: 33.3333%; height: 23px;\">20.30<\/td>\n<td style=\"width: 33.3333%; height: 23px;\">21.00<\/td>\n<\/tr>\n<tr style=\"height: 23px;\">\n<td style=\"width: 33.3333%; height: 23px;\">21.30<\/td>\n<td style=\"width: 33.3333%; height: 23px;\">22.15<\/td>\n<\/tr>\n<\/tbody>\n<\/table>\n<hr \/>\n<h1>Biljettpriser<\/h1>\n<p>Biljetter kan k\u00f6pas antingen fr\u00e5n v\u00e5r n\u00e4tbutik eller rakt fr\u00e5n b\u00e5ten. Vi accepterar kontant, finska bankkort, och de vanligaste kreditkorten (Visa, Mastercard).<\/p>\n<p><strong>Det l\u00f6nar sig att k\u00f6pa biljett fr\u00e5n v\u00e5r <a href=\"https:\/\/jtline.shop.crd.fi\/\" target=\"_blank\" rel=\"noopener\">n\u00e4tbutik &gt;&gt;<\/a>\u00a0i f\u00f6rv\u00e4g, f\u00f6r d\u00e5 kan du boka plats p\u00e5 den tur du vill p\u00e5. <\/strong>Platsbokningar \u00e4r giltiga d\u00e5 du anl\u00e4nder senast 15 minuter f\u00f6re avg\u00e5ngstiden. <strong>Passagerare med platsbokningar sl\u00e4pps ombord f\u00f6rst.<\/strong>\u00a0Vi kan tyv\u00e4rr inte h\u00e5lla platsbokningar i kraft ifall du anl\u00e4nder f\u00f6rsent. N\u00e4tbutikens biljettf\u00f6rs\u00e4ljning st\u00e4ngs 15 minuter f\u00f6re varje avg\u00e5ng.<\/p>\n<p><b>TUR-RETUR:<\/b><\/p>\n<table border=\"0\" cellspacing=\"0\" cellpadding=\"0\">\n<tbody>\n<tr>\n<td valign=\"top\">Vuxna:<\/td>\n<td valign=\"top\"><strong>\u00a06 \u20ac<\/strong><\/td>\n<\/tr>\n<tr>\n<td valign=\"top\">Barn (7-17 \u00e5r):<\/td>\n<td valign=\"top\"><strong>\u00a03,60 \u20ac<\/strong><\/td>\n<\/tr>\n<tr>\n<td valign=\"top\">Pension\u00e4rer:<\/td>\n<td valign=\"top\"><strong>\u00a03,60 \u20ac<\/strong><\/td>\n<\/tr>\n<\/tbody>\n<\/table>\n<p><b>ENKEL RESA:<\/b><\/p>\n<table border=\"0\" cellspacing=\"0\" cellpadding=\"0\">\n<tbody>\n<tr>\n<td valign=\"top\">Vuxna:<\/td>\n<td valign=\"top\"><strong>\u00a03 \u20ac<\/strong><\/td>\n<\/tr>\n<tr>\n<td valign=\"top\">Barn (7-17 \u00e5r):<\/td>\n<td valign=\"top\"><strong>\u00a01,80 \u20ac<\/strong><\/td>\n<\/tr>\n<tr>\n<td valign=\"top\">Pension\u00e4rer:<\/td>\n<td valign=\"top\"><strong>\u00a01,80 \u20ac<\/strong><\/td>\n<\/tr>\n<\/tbody>\n<\/table>\n<div align=\"left\">\n<hr \/>\n<p><strong>OBSERVERA:<\/strong><\/p>\n<ul>\n<li>Barn under 7-\u00e5r som reser tillsammans med en m\u00e5lsman \u00e5ker gratis, och barnvagnar ryms ombord p\u00e5 v\u00e5ra fartyg.<\/li>\n<li>Personer som reser med en pension\u00e4rsbiljett m\u00e5ste bevisa att de \u00e4r ber\u00e4ttigade till f\u00f6rm\u00e5nsbiljetten (dvs. ett pension\u00e4rskort).<\/li>\n<li>Hundar \u00e4r v\u00e4lkomna ombord.<\/li>\n<li>Passagerare som reser med cykel kommer att debiteras dubbla biljettpriset. Cyklar, skotrar eller skateboards f\u00f6r barn under skol\u00e5ldern kan tas ombord utan kostnad.<\/li>\n<\/ul>\n<\/div>\n<hr \/>\n<p><em>Vi kommer endast att tanka Nestes f\u00f6rnybara MY eldningsolja p\u00e5 fartygen som trafikerar Silons S\u00e5ng-rutten. Som pionj\u00e4rer vill vi vara med och fr\u00e4mja l\u00f6sningar med l\u00e4gre utsl\u00e4pp. Genom att anv\u00e4nda Neste MY f\u00f6rnybar eldningsolja kommer vi att minska v\u00e5rt koldioxidavtryck med upp till 90 % j\u00e4mf\u00f6rt med fossila br\u00e4nslen.<\/em><\/p>\n<p><a href=\"https:\/\/www.visitfinland.com\/sustainable-finland\/sustainable-travel-destinations\/\" target=\"_blank\" rel=\"noopener noreferrer\"><img decoding=\"async\" class=\"alignnone size-medium wp-image-2450\" src=\"https:\/\/www.jt-line.fi\/wp-content\/uploads\/STF_web_JT-Line.jpg\" sizes=\"(max-width: 689px) 100vw, 689px\" srcset=\"https:\/\/www.jt-line.fi\/wp-content\/uploads\/STF_web_JT-Line.jpg 689w, https:\/\/www.jt-line.fi\/wp-content\/uploads\/STF_web_JT-Line-300x103.jpg 300w\" alt=\"Sustainable-Travel-Finland-logo\" width=\"250\" height=\"*\" \/><\/a>\u00a0 \u00a0\u00a0<a href=\"https:\/\/ekokompassi.fi\/\" target=\"_blank\" rel=\"noopener noreferrer\"><img decoding=\"async\" class=\"alignnone size-medium wp-image-2449\" src=\"https:\/\/www.jt-line.fi\/wp-content\/uploads\/Ekokompassi_web_JT-Line.png\" sizes=\"(max-width: 697px) 100vw, 697px\" srcset=\"https:\/\/www.jt-line.fi\/wp-content\/uploads\/Ekokompassi_web_JT-Line.png 697w, https:\/\/www.jt-line.fi\/wp-content\/uploads\/Ekokompassi_web_JT-Line-300x102.png 300w\" alt=\"Ekokompassi-logo\" width=\"250\" height=\"*\" \/><\/a>\u00a0 \u00a0\u00a0<a href=\"https:\/\/www.neste.fi\/yritysasiakkaat\/tuotteet-ja-palvelut\/polttoaineet\/neste-my-uusiutuva-polttooljytm\" target=\"_blank\" rel=\"noopener noreferrer\"><img decoding=\"async\" class=\"alignnone size-full wp-image-2590\" src=\"https:\/\/www.jt-line.fi\/wp-content\/uploads\/Neste-MY-UusiutuvaPolttooljy_Primary_RGB-2.png\" sizes=\"(max-width: 834px) 100vw, 834px\" srcset=\"https:\/\/www.jt-line.fi\/wp-content\/uploads\/Neste-MY-UusiutuvaPolttooljy_Primary_RGB-2.png 834w, https:\/\/www.jt-line.fi\/wp-content\/uploads\/Neste-MY-UusiutuvaPolttooljy_Primary_RGB-2-300x85.png 300w, https:\/\/www.jt-line.fi\/wp-content\/uploads\/Neste-MY-UusiutuvaPolttooljy_Primary_RGB-2-800x226.png 800w, https:\/\/www.jt-line.fi\/wp-content\/uploads\/Neste-MY-UusiutuvaPolttooljy_Primary_RGB-2-768x217.png 768w\" alt=\"\" width=\"280\" height=\"*\" \/><\/a><\/p>\n","protected":false},"excerpt":{"rendered":"<p>Silons S\u00e5ng: F\u00e4rjan mellan Salutorget och Kronbergsstranden 7.-9.10.2022 Stanna upp en stund och smaka p\u00e5 stj\u00e4rnstoftet. M\u00e5la dr\u00f6mmarnas vackraste f\u00e5gelflock i ditt sinne och k\u00e4nn efter \u2013 hur ser den ut, hur l\u00e5ter den? Var kommer f\u00e5glarna ifr\u00e5n och vart \u00e4r de p\u00e5 v\u00e4g? Bild: 110th Street Productions \/ Helsinki Partners JT-Lines vattenbuss m\/s Chapman&#8230;<\/p>\n","protected":false},"author":2,"featured_media":0,"parent":0,"menu_order":0,"comment_status":"closed","ping_status":"closed","template":"","meta":{"footnotes":""},"class_list":["post-2744","page","type-page","status-publish","hentry"],"yoast_head":"<!-- This site is optimized with the Yoast SEO plugin v27.4 - https:\/\/yoast.com\/product\/yoast-seo-wordpress\/ -->\n<title>F\u00e4rjan mellan Salutorget och Kronbergsstranden 7.-9.10.2022<\/title>\n<meta name=\"description\" content=\"Silons S\u00e5ng med JT-Lines f\u00e4rja: mer information, tidtabell och biljettpriser finns p\u00e5 JT-Lines webbplats!\" \/>\n<meta name=\"robots\" content=\"index, follow, max-snippet:-1, max-image-preview:large, max-video-preview:-1\" \/>\n<link rel=\"canonical\" href=\"https:\/\/www.jt-line.fi\/sve\/farjan-silons-sang\/\" \/>\n<meta property=\"og:locale\" content=\"sv_SE\" \/>\n<meta property=\"og:type\" content=\"article\" \/>\n<meta property=\"og:title\" content=\"F\u00e4rjan mellan Salutorget och Kronbergsstranden 7.-9.10.2022\" \/>\n<meta property=\"og:description\" content=\"Silons S\u00e5ng med JT-Lines f\u00e4rja: mer information, tidtabell och biljettpriser finns p\u00e5 JT-Lines webbplats!\" \/>\n<meta property=\"og:url\" content=\"https:\/\/www.jt-line.fi\/sve\/farjan-silons-sang\/\" \/>\n<meta property=\"og:site_name\" content=\"JT-line - Viapori - R\u00f6nnsk\u00e4r - charter kryssningar\" \/>\n<meta property=\"article:modified_time\" content=\"2022-10-05T16:20:18+00:00\" \/>\n<meta property=\"og:image\" content=\"https:\/\/www.jt-line.fi\/wp-content\/uploads\/Siilo-Soi.png\" \/>\n<meta name=\"twitter:card\" content=\"summary_large_image\" \/>\n<meta name=\"twitter:label1\" content=\"Ber\u00e4knad l\u00e4stid\" \/>\n\t<meta name=\"twitter:data1\" content=\"4 minuter\" \/>\n<script type=\"application\/ld+json\" class=\"yoast-schema-graph\">{\"@context\":\"https:\\\/\\\/schema.org\",\"@graph\":[{\"@type\":\"WebPage\",\"@id\":\"https:\\\/\\\/www.jt-line.fi\\\/sve\\\/farjan-silons-sang\\\/\",\"url\":\"https:\\\/\\\/www.jt-line.fi\\\/sve\\\/farjan-silons-sang\\\/\",\"name\":\"F\u00e4rjan mellan Salutorget och Kronbergsstranden 7.-9.10.2022\",\"isPartOf\":{\"@id\":\"https:\\\/\\\/www.jt-line.fi\\\/sve\\\/#website\"},\"primaryImageOfPage\":{\"@id\":\"https:\\\/\\\/www.jt-line.fi\\\/sve\\\/farjan-silons-sang\\\/#primaryimage\"},\"image\":{\"@id\":\"https:\\\/\\\/www.jt-line.fi\\\/sve\\\/farjan-silons-sang\\\/#primaryimage\"},\"thumbnailUrl\":\"https:\\\/\\\/www.jt-line.fi\\\/wp-content\\\/uploads\\\/Siilo-Soi.png\",\"datePublished\":\"2022-10-03T17:50:47+00:00\",\"dateModified\":\"2022-10-05T16:20:18+00:00\",\"description\":\"Silons S\u00e5ng med JT-Lines f\u00e4rja: mer information, tidtabell och biljettpriser finns p\u00e5 JT-Lines webbplats!\",\"breadcrumb\":{\"@id\":\"https:\\\/\\\/www.jt-line.fi\\\/sve\\\/farjan-silons-sang\\\/#breadcrumb\"},\"inLanguage\":\"sv-SE\",\"potentialAction\":[{\"@type\":\"ReadAction\",\"target\":[\"https:\\\/\\\/www.jt-line.fi\\\/sve\\\/farjan-silons-sang\\\/\"]}]},{\"@type\":\"ImageObject\",\"inLanguage\":\"sv-SE\",\"@id\":\"https:\\\/\\\/www.jt-line.fi\\\/sve\\\/farjan-silons-sang\\\/#primaryimage\",\"url\":\"https:\\\/\\\/www.jt-line.fi\\\/wp-content\\\/uploads\\\/Siilo-Soi.png\",\"contentUrl\":\"https:\\\/\\\/www.jt-line.fi\\\/wp-content\\\/uploads\\\/Siilo-Soi.png\"},{\"@type\":\"BreadcrumbList\",\"@id\":\"https:\\\/\\\/www.jt-line.fi\\\/sve\\\/farjan-silons-sang\\\/#breadcrumb\",\"itemListElement\":[{\"@type\":\"ListItem\",\"position\":1,\"name\":\"Home\",\"item\":\"https:\\\/\\\/www.jt-line.fi\\\/sve\\\/\"},{\"@type\":\"ListItem\",\"position\":2,\"name\":\"Silons S\u00e5ng: F\u00e4rjan mellan Salutorget och Kronbergsstranden 7.-9.10.2022\"}]},{\"@type\":\"WebSite\",\"@id\":\"https:\\\/\\\/www.jt-line.fi\\\/sve\\\/#website\",\"url\":\"https:\\\/\\\/www.jt-line.fi\\\/sve\\\/\",\"name\":\"JT-line - Viapori - R\u00f6nnsk\u00e4r - charter kryssningar\",\"description\":\"| vesibussi - risteily - Helsingin saaristo - Suomenlinna - Pihlajasaari - Vallisaari\",\"potentialAction\":[{\"@type\":\"SearchAction\",\"target\":{\"@type\":\"EntryPoint\",\"urlTemplate\":\"https:\\\/\\\/www.jt-line.fi\\\/sve\\\/?s={search_term_string}\"},\"query-input\":{\"@type\":\"PropertyValueSpecification\",\"valueRequired\":true,\"valueName\":\"search_term_string\"}}],\"inLanguage\":\"sv-SE\"}]}<\/script>\n<!-- \/ Yoast SEO plugin. -->","yoast_head_json":{"title":"F\u00e4rjan mellan Salutorget och Kronbergsstranden 7.-9.10.2022","description":"Silons S\u00e5ng med JT-Lines f\u00e4rja: mer information, tidtabell och biljettpriser finns p\u00e5 JT-Lines webbplats!","robots":{"index":"index","follow":"follow","max-snippet":"max-snippet:-1","max-image-preview":"max-image-preview:large","max-video-preview":"max-video-preview:-1"},"canonical":"https:\/\/www.jt-line.fi\/sve\/farjan-silons-sang\/","og_locale":"sv_SE","og_type":"article","og_title":"F\u00e4rjan mellan Salutorget och Kronbergsstranden 7.-9.10.2022","og_description":"Silons S\u00e5ng med JT-Lines f\u00e4rja: mer information, tidtabell och biljettpriser finns p\u00e5 JT-Lines webbplats!","og_url":"https:\/\/www.jt-line.fi\/sve\/farjan-silons-sang\/","og_site_name":"JT-line - Viapori - R\u00f6nnsk\u00e4r - charter kryssningar","article_modified_time":"2022-10-05T16:20:18+00:00","og_image":[{"url":"https:\/\/www.jt-line.fi\/wp-content\/uploads\/Siilo-Soi.png","type":"","width":"","height":""}],"twitter_card":"summary_large_image","twitter_misc":{"Ber\u00e4knad l\u00e4stid":"4 minuter"},"schema":{"@context":"https:\/\/schema.org","@graph":[{"@type":"WebPage","@id":"https:\/\/www.jt-line.fi\/sve\/farjan-silons-sang\/","url":"https:\/\/www.jt-line.fi\/sve\/farjan-silons-sang\/","name":"F\u00e4rjan mellan Salutorget och Kronbergsstranden 7.-9.10.2022","isPartOf":{"@id":"https:\/\/www.jt-line.fi\/sve\/#website"},"primaryImageOfPage":{"@id":"https:\/\/www.jt-line.fi\/sve\/farjan-silons-sang\/#primaryimage"},"image":{"@id":"https:\/\/www.jt-line.fi\/sve\/farjan-silons-sang\/#primaryimage"},"thumbnailUrl":"https:\/\/www.jt-line.fi\/wp-content\/uploads\/Siilo-Soi.png","datePublished":"2022-10-03T17:50:47+00:00","dateModified":"2022-10-05T16:20:18+00:00","description":"Silons S\u00e5ng med JT-Lines f\u00e4rja: mer information, tidtabell och biljettpriser finns p\u00e5 JT-Lines webbplats!","breadcrumb":{"@id":"https:\/\/www.jt-line.fi\/sve\/farjan-silons-sang\/#breadcrumb"},"inLanguage":"sv-SE","potentialAction":[{"@type":"ReadAction","target":["https:\/\/www.jt-line.fi\/sve\/farjan-silons-sang\/"]}]},{"@type":"ImageObject","inLanguage":"sv-SE","@id":"https:\/\/www.jt-line.fi\/sve\/farjan-silons-sang\/#primaryimage","url":"https:\/\/www.jt-line.fi\/wp-content\/uploads\/Siilo-Soi.png","contentUrl":"https:\/\/www.jt-line.fi\/wp-content\/uploads\/Siilo-Soi.png"},{"@type":"BreadcrumbList","@id":"https:\/\/www.jt-line.fi\/sve\/farjan-silons-sang\/#breadcrumb","itemListElement":[{"@type":"ListItem","position":1,"name":"Home","item":"https:\/\/www.jt-line.fi\/sve\/"},{"@type":"ListItem","position":2,"name":"Silons S\u00e5ng: F\u00e4rjan mellan Salutorget och Kronbergsstranden 7.-9.10.2022"}]},{"@type":"WebSite","@id":"https:\/\/www.jt-line.fi\/sve\/#website","url":"https:\/\/www.jt-line.fi\/sve\/","name":"JT-line - Viapori - R\u00f6nnsk\u00e4r - charter kryssningar","description":"| vesibussi - risteily - Helsingin saaristo - Suomenlinna - Pihlajasaari - Vallisaari","potentialAction":[{"@type":"SearchAction","target":{"@type":"EntryPoint","urlTemplate":"https:\/\/www.jt-line.fi\/sve\/?s={search_term_string}"},"query-input":{"@type":"PropertyValueSpecification","valueRequired":true,"valueName":"search_term_string"}}],"inLanguage":"sv-SE"}]}},"_links":{"self":[{"href":"https:\/\/www.jt-line.fi\/sve\/wp-json\/wp\/v2\/pages\/2744","targetHints":{"allow":["GET"]}}],"collection":[{"href":"https:\/\/www.jt-line.fi\/sve\/wp-json\/wp\/v2\/pages"}],"about":[{"href":"https:\/\/www.jt-line.fi\/sve\/wp-json\/wp\/v2\/types\/page"}],"author":[{"embeddable":true,"href":"https:\/\/www.jt-line.fi\/sve\/wp-json\/wp\/v2\/users\/2"}],"replies":[{"embeddable":true,"href":"https:\/\/www.jt-line.fi\/sve\/wp-json\/wp\/v2\/comments?post=2744"}],"version-history":[{"count":8,"href":"https:\/\/www.jt-line.fi\/sve\/wp-json\/wp\/v2\/pages\/2744\/revisions"}],"predecessor-version":[{"id":2756,"href":"https:\/\/www.jt-line.fi\/sve\/wp-json\/wp\/v2\/pages\/2744\/revisions\/2756"}],"wp:attachment":[{"href":"https:\/\/www.jt-line.fi\/sve\/wp-json\/wp\/v2\/media?parent=2744"}],"curies":[{"name":"wp","href":"https:\/\/api.w.org\/{rel}","templated":true}]}}