{"id":339,"date":"2017-12-12T15:23:27","date_gmt":"2017-12-12T13:23:27","guid":{"rendered":"https:\/\/www.jt-line.fi\/sve\/fin\/?page_id=339"},"modified":"2021-04-17T15:49:33","modified_gmt":"2021-04-17T12:49:33","slug":"tarjouspyynto","status":"publish","type":"page","link":"https:\/\/www.jt-line.fi\/sve\/vesibussi-tilausristeilyt\/tarjouspyynto\/","title":{"rendered":"Tarjouspyynt\u00f6"},"content":{"rendered":"<h1>Tarjouspyynt\u00f6<\/h1>\n<p>T\u00e4ll\u00e4 lomakkeella voit pyyt\u00e4\u00e4 meilt\u00e4 tarjousta joko tilauskuljetuksesta tai -risteilyst\u00e4 (jolloin alus on kokonaisuudessaan varattu vain teid\u00e4n oman ryhm\u00e4nne k\u00e4ytt\u00f6\u00f6n).<\/p>\n<p>Vuokraamme aluksiamme kaikenlaisiin tilaisuuksiin, lyhyist\u00e4 kuljetuksista pidempiin risteilyihin ja koko p\u00e4iv\u00e4n kest\u00e4viin retkiin. R\u00e4\u00e4t\u00e4l\u00f6imme tilaisuuden juuri toiveidesi mukaiseksi juoma-, ruoka- ja ohjelmapalveluita my\u00f6ten. Suurimmassa osassa aluksistamme on t\u00e4ydet anniskeluoikeudet, mutta muutamaan pienemp\u00e4\u00e4n alukseemme asiakkaan on mahdollista tuoda oma alkoholijuomatarjoilu.<\/p>\n\n<div class=\"wpcf7 no-js\" id=\"wpcf7-f518-o1\" lang=\"fi\" dir=\"ltr\" data-wpcf7-id=\"518\">\n<div class=\"screen-reader-response\"><p role=\"status\" aria-live=\"polite\" aria-atomic=\"true\"><\/p> <ul><\/ul><\/div>\n<form action=\"\/sve\/wp-json\/wp\/v2\/pages\/339#wpcf7-f518-o1\" method=\"post\" class=\"wpcf7-form init\" aria-label=\"Yhteydenottolomake\" novalidate=\"novalidate\" data-status=\"init\">\n<fieldset class=\"hidden-fields-container\"><input type=\"hidden\" name=\"_wpcf7\" value=\"518\" \/><input type=\"hidden\" name=\"_wpcf7_version\" value=\"6.1.5\" \/><input type=\"hidden\" name=\"_wpcf7_locale\" value=\"fi\" \/><input type=\"hidden\" name=\"_wpcf7_unit_tag\" value=\"wpcf7-f518-o1\" \/><input type=\"hidden\" name=\"_wpcf7_container_post\" value=\"0\" \/><input type=\"hidden\" name=\"_wpcf7_posted_data_hash\" value=\"\" \/>\n<\/fieldset>\n<p><label> Yritys:<br \/>\n<span class=\"wpcf7-form-control-wrap\" data-name=\"yritys\"><input size=\"40\" maxlength=\"400\" class=\"wpcf7-form-control wpcf7-text\" aria-invalid=\"false\" value=\"\" type=\"text\" name=\"yritys\" \/><\/span> <\/label>\n<\/p>\n<p><label> Yhteyshenkil\u00f6:*<br \/>\n<span class=\"wpcf7-form-control-wrap\" data-name=\"yhteyshenkilo\"><input size=\"40\" maxlength=\"400\" class=\"wpcf7-form-control wpcf7-text wpcf7-validates-as-required\" aria-required=\"true\" aria-invalid=\"false\" value=\"\" type=\"text\" name=\"yhteyshenkilo\" \/><\/span> <\/label>\n<\/p>\n<p><label> Puhelinnumero:*<br \/>\n<span class=\"wpcf7-form-control-wrap\" data-name=\"puhelinnumero\"><input size=\"40\" maxlength=\"400\" class=\"wpcf7-form-control wpcf7-text wpcf7-validates-as-required\" aria-required=\"true\" aria-invalid=\"false\" value=\"\" type=\"text\" name=\"puhelinnumero\" \/><\/span> <\/label>\n<\/p>\n<p><label> S\u00e4hk\u00f6postiosoite:*<br \/>\n<span class=\"wpcf7-form-control-wrap\" data-name=\"sahkopostiosoite\"><input size=\"40\" maxlength=\"400\" class=\"wpcf7-form-control wpcf7-text wpcf7-validates-as-required\" aria-required=\"true\" aria-invalid=\"false\" value=\"\" type=\"text\" name=\"sahkopostiosoite\" \/><\/span> <\/label>\n<\/p>\n<p><b>Risteilyn ajankohta:<\/b><br \/>\n<label> P\u00e4iv\u00e4m\u00e4\u00e4r\u00e4:<br \/>\n<span class=\"wpcf7-form-control-wrap\" data-name=\"paivamaara\"><input size=\"40\" maxlength=\"400\" class=\"wpcf7-form-control wpcf7-text\" aria-invalid=\"false\" value=\"\" type=\"text\" name=\"paivamaara\" \/><\/span> <\/label>\n<\/p>\n<p><label> L\u00e4ht\u00f6aika:<br \/>\n<span class=\"wpcf7-form-control-wrap\" data-name=\"lahtoaika\"><input size=\"40\" maxlength=\"400\" class=\"wpcf7-form-control wpcf7-text\" aria-invalid=\"false\" value=\"\" type=\"text\" name=\"lahtoaika\" \/><\/span> <\/label>\n<\/p>\n<p><label> Henkil\u00f6m\u00e4\u00e4r\u00e4 (noin):<br \/>\n<span class=\"wpcf7-form-control-wrap\" data-name=\"henkilomaara\"><input size=\"40\" maxlength=\"400\" class=\"wpcf7-form-control wpcf7-text\" aria-invalid=\"false\" value=\"\" type=\"text\" name=\"henkilomaara\" \/><\/span> <\/label>\n<\/p>\n<p><label> L\u00e4ht\u00f6laituri:<br \/>\n<span class=\"wpcf7-form-control-wrap\" data-name=\"lahtolaituri\"><input size=\"40\" maxlength=\"400\" class=\"wpcf7-form-control wpcf7-text\" aria-invalid=\"false\" value=\"\" type=\"text\" name=\"lahtolaituri\" \/><\/span> <\/label>\n<\/p>\n<p><label> Paluulaituri:<br \/>\n(Voi olla valintanne mukaan sama tai eri kuin l\u00e4ht\u00f6laituri.)<br \/>\n<span class=\"wpcf7-form-control-wrap\" data-name=\"paluulaituri\"><input size=\"40\" maxlength=\"400\" class=\"wpcf7-form-control wpcf7-text\" aria-invalid=\"false\" value=\"\" type=\"text\" name=\"paluulaituri\" \/><\/span> <\/label>\n<\/p>\n<p><label> <b>Risteilysuunnitelma:<\/b><br \/>\nT\u00e4ss\u00e4 voit kertoa, mink\u00e4laisesta kuljetuksesta tai risteilyst\u00e4 haluat saada tarjouksen. Vaihtoehtoisesti voit ruksia jonkun alla olevista valmiista risteilykokonaisuuksista (eli risteilypaketeista).<br \/>\n<span class=\"wpcf7-form-control-wrap\" data-name=\"risteilysuunnitelma\"><textarea cols=\"40\" rows=\"10\" maxlength=\"2000\" class=\"wpcf7-form-control wpcf7-textarea\" aria-invalid=\"false\" name=\"risteilysuunnitelma\"><\/textarea><\/span> <\/label>\n<\/p>\n<p><b>Risteilypaketti:<\/b><br \/>\n<span class=\"wpcf7-form-control-wrap\" data-name=\"Lounasristeily\"><span class=\"wpcf7-form-control wpcf7-checkbox\"><span class=\"wpcf7-list-item first last\"><input type=\"checkbox\" name=\"Lounasristeily[]\" value=\"Lounasristeily\" \/><span class=\"wpcf7-list-item-label\">Lounasristeily<\/span><\/span><\/span><\/span><br \/>\n<span class=\"wpcf7-form-control-wrap\" data-name=\"Illallisristeily\"><span class=\"wpcf7-form-control wpcf7-checkbox\"><span class=\"wpcf7-list-item first last\"><input type=\"checkbox\" name=\"Illallisristeily[]\" value=\"Illallisristeily\" \/><span class=\"wpcf7-list-item-label\">Illallisristeily<\/span><\/span><\/span><\/span><br \/>\n<span class=\"wpcf7-form-control-wrap\" data-name=\"Suomenlinna\"><span class=\"wpcf7-form-control wpcf7-checkbox\"><span class=\"wpcf7-list-item first last\"><input type=\"checkbox\" name=\"Suomenlinna[]\" value=\"Suomenlinna\" \/><span class=\"wpcf7-list-item-label\">Suomenlinna<\/span><\/span><\/span><\/span><br \/>\n<span class=\"wpcf7-form-control-wrap\" data-name=\"Saunaristeilyt\"><span class=\"wpcf7-form-control wpcf7-checkbox\"><span class=\"wpcf7-list-item first last\"><input type=\"checkbox\" name=\"Saunaristeilyt[]\" value=\"Saunaristeilyt\" \/><span class=\"wpcf7-list-item-label\">Saunaristeilyt<\/span><\/span><\/span><\/span><br \/>\n<span class=\"wpcf7-form-control-wrap\" data-name=\"Risteily-Porvooseen\"><span class=\"wpcf7-form-control wpcf7-checkbox\"><span class=\"wpcf7-list-item first last\"><input type=\"checkbox\" name=\"Risteily-Porvooseen[]\" value=\"Risteily Porvooseen\" \/><span class=\"wpcf7-list-item-label\">Risteily Porvooseen<\/span><\/span><\/span><\/span>\n<\/p>\n<p><b>Ruokailu:<\/b><br \/>\n<span class=\"wpcf7-form-control-wrap\" data-name=\"ruokailu\"><span class=\"wpcf7-form-control wpcf7-radio\"><span class=\"wpcf7-list-item first\"><span class=\"wpcf7-list-item-label\">Kyll\u00e4<\/span><input type=\"radio\" name=\"ruokailu\" value=\"Kyll\u00e4\" checked=\"checked\" \/><\/span><span class=\"wpcf7-list-item last\"><span class=\"wpcf7-list-item-label\">Ei<\/span><input type=\"radio\" name=\"ruokailu\" value=\"Ei\" \/><\/span><\/span><\/span>\n<\/p>\n<p><b>Juomatarjoilu:<\/b><br \/>\n<span class=\"wpcf7-form-control-wrap\" data-name=\"juomatarjoilu\"><span class=\"wpcf7-form-control wpcf7-radio\"><span class=\"wpcf7-list-item first\"><span class=\"wpcf7-list-item-label\">Kyll\u00e4<\/span><input type=\"radio\" name=\"juomatarjoilu\" value=\"Kyll\u00e4\" checked=\"checked\" \/><\/span><span class=\"wpcf7-list-item last\"><span class=\"wpcf7-list-item-label\">Ei<\/span><input type=\"radio\" name=\"juomatarjoilu\" value=\"Ei\" \/><\/span><\/span><\/span>\n<\/p>\n<p><label> <b>Tilaisuuden budjetti:<\/b><br \/>\n(\u20ac per tilaisuus tai \u20ac per henkil\u00f6)<br \/>\n<span class=\"wpcf7-form-control-wrap\" data-name=\"budjetti\"><input size=\"40\" maxlength=\"400\" class=\"wpcf7-form-control wpcf7-text\" aria-invalid=\"false\" value=\"\" type=\"text\" name=\"budjetti\" \/><\/span> <\/label>\n<\/p>\n<p><label> <b>Lis\u00e4toivomuksia:<\/b><br \/>\nHaluatko tarjouksen tietyst\u00e4 aluksesta? Haluatko risteilylle opastuksen tai muita ohjelmapalveluita, esimerkiksi harmonikan soittajan? Oletko valinnut jo valmiiksi tietyn menun? Onko suunnitelmissasi jokin tietty ateriakokonaisuus, jota ei l\u00f6ytynyt listaltamme? T\u00e4ss\u00e4 voit kertoa lis\u00e4tietoa risteilysuunnitelmistasi ja tilaisuuden luonteesta.<br \/>\n<span class=\"wpcf7-form-control-wrap\" data-name=\"lisatoivomuksia\"><textarea cols=\"40\" rows=\"10\" maxlength=\"2000\" class=\"wpcf7-form-control wpcf7-textarea\" aria-invalid=\"false\" name=\"lisatoivomuksia\"><\/textarea><\/span> <\/label>\n<\/p>\n<p><label>Roskapostin v\u00e4ltt\u00e4miseksi vastaathan laskuteht\u00e4v\u00e4\u00e4n (vastaathan k\u00e4ytt\u00e4en numeroa!): *<br \/>\n<span class=\"wpcf7-form-control-wrap\" data-name=\"quiz-612\"><label><span class=\"wpcf7-quiz-label\">kaksi plus kaksi on<\/span> <input size=\"40\" class=\"wpcf7-form-control wpcf7-quiz\" autocomplete=\"off\" aria-required=\"true\" aria-invalid=\"false\" type=\"text\" name=\"quiz-612\" \/><\/label><input type=\"hidden\" name=\"_wpcf7_quiz_answer_quiz-612\" value=\"35e37ca1e00f6771932b6f6b262d8dfc\" \/><\/span><\/label>\n<\/p>\n<p><span class=\"wpcf7-form-control-wrap\" data-name=\"acceptance-639\"><span class=\"wpcf7-form-control wpcf7-acceptance\"><span class=\"wpcf7-list-item\"><label><input type=\"checkbox\" name=\"acceptance-639\" value=\"1\" aria-invalid=\"false\" \/><span class=\"wpcf7-list-item-label\">L\u00e4hett\u00e4m\u00e4ll\u00e4 t\u00e4m\u00e4n lomakkeen hyv\u00e4ksyn, ett\u00e4 henkil\u00f6tietoni lis\u00e4t\u00e4\u00e4n JT-Line Oy:n asiakasrekisteriin.<\/span><\/label><\/span><\/span><\/span>\n<\/p>\n<p>Lue lis\u00e4\u00e4 rekisterist\u00e4 ja sen k\u00e4ytt\u00f6tarkoituksesta <a target=\"_blank\" href=\"https:\/\/www.jt-line.fi\/sve\/ota-yhteytta\/rekisteriseloste\">t\u00e4st\u00e4 >><\/a>\n<\/p>\n<p>* pakolliset kent\u00e4t<br \/>\n<input class=\"wpcf7-form-control wpcf7-submit has-spinner\" type=\"submit\" value=\"L\u00e4het\u00e4\" \/>\n<\/p><div class=\"wpcf7-response-output\" aria-hidden=\"true\"><\/div>\n<\/form>\n<\/div>\n\n","protected":false},"excerpt":{"rendered":"<p>Tarjouspyynt\u00f6 T\u00e4ll\u00e4 lomakkeella voit pyyt\u00e4\u00e4 meilt\u00e4 tarjousta joko tilauskuljetuksesta tai -risteilyst\u00e4 (jolloin alus on kokonaisuudessaan varattu vain teid\u00e4n oman ryhm\u00e4nne k\u00e4ytt\u00f6\u00f6n). Vuokraamme aluksiamme kaikenlaisiin tilaisuuksiin, lyhyist\u00e4 kuljetuksista pidempiin risteilyihin ja koko p\u00e4iv\u00e4n kest\u00e4viin retkiin. R\u00e4\u00e4t\u00e4l\u00f6imme tilaisuuden juuri toiveidesi mukaiseksi juoma-, ruoka- ja ohjelmapalveluita my\u00f6ten. Suurimmassa osassa aluksistamme on t\u00e4ydet anniskeluoikeudet, mutta muutamaan pienemp\u00e4\u00e4n alukseemme asiakkaan&#8230;<\/p>\n","protected":false},"author":1,"featured_media":0,"parent":153,"menu_order":7,"comment_status":"closed","ping_status":"closed","template":"","meta":{"footnotes":""},"class_list":["post-339","page","type-page","status-publish","hentry"],"yoast_head":"<!-- This site is optimized with the Yoast SEO plugin v27.5 - https:\/\/yoast.com\/product\/yoast-seo-wordpress\/ -->\n<title>Tarjouspyynt\u00f6 - JT-line - Viapori - R\u00f6nnsk\u00e4r - charter kryssningar<\/title>\n<meta name=\"robots\" content=\"index, follow, max-snippet:-1, max-image-preview:large, max-video-preview:-1\" \/>\n<link rel=\"canonical\" href=\"https:\/\/www.jt-line.fi\/sve\/vesibussi-tilausristeilyt\/tarjouspyynto\/\" \/>\n<meta property=\"og:locale\" content=\"sv_SE\" \/>\n<meta property=\"og:type\" content=\"article\" \/>\n<meta property=\"og:title\" content=\"Tarjouspyynt\u00f6 - JT-line - Viapori - R\u00f6nnsk\u00e4r - charter kryssningar\" \/>\n<meta property=\"og:description\" content=\"Tarjouspyynt\u00f6 T\u00e4ll\u00e4 lomakkeella voit pyyt\u00e4\u00e4 meilt\u00e4 tarjousta joko tilauskuljetuksesta tai -risteilyst\u00e4 (jolloin alus on kokonaisuudessaan varattu vain teid\u00e4n oman ryhm\u00e4nne k\u00e4ytt\u00f6\u00f6n). Vuokraamme aluksiamme kaikenlaisiin tilaisuuksiin, lyhyist\u00e4 kuljetuksista pidempiin risteilyihin ja koko p\u00e4iv\u00e4n kest\u00e4viin retkiin. R\u00e4\u00e4t\u00e4l\u00f6imme tilaisuuden juuri toiveidesi mukaiseksi juoma-, ruoka- ja ohjelmapalveluita my\u00f6ten. Suurimmassa osassa aluksistamme on t\u00e4ydet anniskeluoikeudet, mutta muutamaan pienemp\u00e4\u00e4n alukseemme asiakkaan...\" \/>\n<meta property=\"og:url\" content=\"https:\/\/www.jt-line.fi\/sve\/vesibussi-tilausristeilyt\/tarjouspyynto\/\" \/>\n<meta property=\"og:site_name\" content=\"JT-line - Viapori - R\u00f6nnsk\u00e4r - charter kryssningar\" \/>\n<meta property=\"article:modified_time\" content=\"2021-04-17T12:49:33+00:00\" \/>\n<meta name=\"twitter:card\" content=\"summary_large_image\" \/>\n<script type=\"application\/ld+json\" class=\"yoast-schema-graph\">{\"@context\":\"https:\\\/\\\/schema.org\",\"@graph\":[{\"@type\":\"WebPage\",\"@id\":\"https:\\\/\\\/www.jt-line.fi\\\/sve\\\/vesibussi-tilausristeilyt\\\/tarjouspyynto\\\/\",\"url\":\"https:\\\/\\\/www.jt-line.fi\\\/sve\\\/vesibussi-tilausristeilyt\\\/tarjouspyynto\\\/\",\"name\":\"Tarjouspyynt\u00f6 - JT-line - Viapori - R\u00f6nnsk\u00e4r - charter kryssningar\",\"isPartOf\":{\"@id\":\"https:\\\/\\\/www.jt-line.fi\\\/sve\\\/#website\"},\"datePublished\":\"2017-12-12T13:23:27+00:00\",\"dateModified\":\"2021-04-17T12:49:33+00:00\",\"breadcrumb\":{\"@id\":\"https:\\\/\\\/www.jt-line.fi\\\/sve\\\/vesibussi-tilausristeilyt\\\/tarjouspyynto\\\/#breadcrumb\"},\"inLanguage\":\"sv-SE\",\"potentialAction\":[{\"@type\":\"ReadAction\",\"target\":[\"https:\\\/\\\/www.jt-line.fi\\\/sve\\\/vesibussi-tilausristeilyt\\\/tarjouspyynto\\\/\"]}]},{\"@type\":\"BreadcrumbList\",\"@id\":\"https:\\\/\\\/www.jt-line.fi\\\/sve\\\/vesibussi-tilausristeilyt\\\/tarjouspyynto\\\/#breadcrumb\",\"itemListElement\":[{\"@type\":\"ListItem\",\"position\":1,\"name\":\"Home\",\"item\":\"https:\\\/\\\/www.jt-line.fi\\\/sve\\\/\"},{\"@type\":\"ListItem\",\"position\":2,\"name\":\"TILAUSRISTEILYT\",\"item\":\"https:\\\/\\\/www.jt-line.fi\\\/sve\\\/vesibussi-tilausristeilyt\\\/\"},{\"@type\":\"ListItem\",\"position\":3,\"name\":\"Tarjouspyynt\u00f6\"}]},{\"@type\":\"WebSite\",\"@id\":\"https:\\\/\\\/www.jt-line.fi\\\/sve\\\/#website\",\"url\":\"https:\\\/\\\/www.jt-line.fi\\\/sve\\\/\",\"name\":\"JT-line - Viapori - R\u00f6nnsk\u00e4r - charter kryssningar\",\"description\":\"| vesibussi - risteily - Helsingin saaristo - Suomenlinna - Pihlajasaari - Vallisaari\",\"potentialAction\":[{\"@type\":\"SearchAction\",\"target\":{\"@type\":\"EntryPoint\",\"urlTemplate\":\"https:\\\/\\\/www.jt-line.fi\\\/sve\\\/?s={search_term_string}\"},\"query-input\":{\"@type\":\"PropertyValueSpecification\",\"valueRequired\":true,\"valueName\":\"search_term_string\"}}],\"inLanguage\":\"sv-SE\"}]}<\/script>\n<!-- \/ Yoast SEO plugin. -->","yoast_head_json":{"title":"Tarjouspyynt\u00f6 - JT-line - Viapori - R\u00f6nnsk\u00e4r - charter kryssningar","robots":{"index":"index","follow":"follow","max-snippet":"max-snippet:-1","max-image-preview":"max-image-preview:large","max-video-preview":"max-video-preview:-1"},"canonical":"https:\/\/www.jt-line.fi\/sve\/vesibussi-tilausristeilyt\/tarjouspyynto\/","og_locale":"sv_SE","og_type":"article","og_title":"Tarjouspyynt\u00f6 - JT-line - Viapori - R\u00f6nnsk\u00e4r - charter kryssningar","og_description":"Tarjouspyynt\u00f6 T\u00e4ll\u00e4 lomakkeella voit pyyt\u00e4\u00e4 meilt\u00e4 tarjousta joko tilauskuljetuksesta tai -risteilyst\u00e4 (jolloin alus on kokonaisuudessaan varattu vain teid\u00e4n oman ryhm\u00e4nne k\u00e4ytt\u00f6\u00f6n). Vuokraamme aluksiamme kaikenlaisiin tilaisuuksiin, lyhyist\u00e4 kuljetuksista pidempiin risteilyihin ja koko p\u00e4iv\u00e4n kest\u00e4viin retkiin. R\u00e4\u00e4t\u00e4l\u00f6imme tilaisuuden juuri toiveidesi mukaiseksi juoma-, ruoka- ja ohjelmapalveluita my\u00f6ten. Suurimmassa osassa aluksistamme on t\u00e4ydet anniskeluoikeudet, mutta muutamaan pienemp\u00e4\u00e4n alukseemme asiakkaan...","og_url":"https:\/\/www.jt-line.fi\/sve\/vesibussi-tilausristeilyt\/tarjouspyynto\/","og_site_name":"JT-line - Viapori - R\u00f6nnsk\u00e4r - charter kryssningar","article_modified_time":"2021-04-17T12:49:33+00:00","twitter_card":"summary_large_image","schema":{"@context":"https:\/\/schema.org","@graph":[{"@type":"WebPage","@id":"https:\/\/www.jt-line.fi\/sve\/vesibussi-tilausristeilyt\/tarjouspyynto\/","url":"https:\/\/www.jt-line.fi\/sve\/vesibussi-tilausristeilyt\/tarjouspyynto\/","name":"Tarjouspyynt\u00f6 - JT-line - Viapori - R\u00f6nnsk\u00e4r - charter kryssningar","isPartOf":{"@id":"https:\/\/www.jt-line.fi\/sve\/#website"},"datePublished":"2017-12-12T13:23:27+00:00","dateModified":"2021-04-17T12:49:33+00:00","breadcrumb":{"@id":"https:\/\/www.jt-line.fi\/sve\/vesibussi-tilausristeilyt\/tarjouspyynto\/#breadcrumb"},"inLanguage":"sv-SE","potentialAction":[{"@type":"ReadAction","target":["https:\/\/www.jt-line.fi\/sve\/vesibussi-tilausristeilyt\/tarjouspyynto\/"]}]},{"@type":"BreadcrumbList","@id":"https:\/\/www.jt-line.fi\/sve\/vesibussi-tilausristeilyt\/tarjouspyynto\/#breadcrumb","itemListElement":[{"@type":"ListItem","position":1,"name":"Home","item":"https:\/\/www.jt-line.fi\/sve\/"},{"@type":"ListItem","position":2,"name":"TILAUSRISTEILYT","item":"https:\/\/www.jt-line.fi\/sve\/vesibussi-tilausristeilyt\/"},{"@type":"ListItem","position":3,"name":"Tarjouspyynt\u00f6"}]},{"@type":"WebSite","@id":"https:\/\/www.jt-line.fi\/sve\/#website","url":"https:\/\/www.jt-line.fi\/sve\/","name":"JT-line - Viapori - R\u00f6nnsk\u00e4r - charter kryssningar","description":"| vesibussi - risteily - Helsingin saaristo - Suomenlinna - Pihlajasaari - Vallisaari","potentialAction":[{"@type":"SearchAction","target":{"@type":"EntryPoint","urlTemplate":"https:\/\/www.jt-line.fi\/sve\/?s={search_term_string}"},"query-input":{"@type":"PropertyValueSpecification","valueRequired":true,"valueName":"search_term_string"}}],"inLanguage":"sv-SE"}]}},"_links":{"self":[{"href":"https:\/\/www.jt-line.fi\/sve\/wp-json\/wp\/v2\/pages\/339","targetHints":{"allow":["GET"]}}],"collection":[{"href":"https:\/\/www.jt-line.fi\/sve\/wp-json\/wp\/v2\/pages"}],"about":[{"href":"https:\/\/www.jt-line.fi\/sve\/wp-json\/wp\/v2\/types\/page"}],"author":[{"embeddable":true,"href":"https:\/\/www.jt-line.fi\/sve\/wp-json\/wp\/v2\/users\/1"}],"replies":[{"embeddable":true,"href":"https:\/\/www.jt-line.fi\/sve\/wp-json\/wp\/v2\/comments?post=339"}],"version-history":[{"count":0,"href":"https:\/\/www.jt-line.fi\/sve\/wp-json\/wp\/v2\/pages\/339\/revisions"}],"up":[{"embeddable":true,"href":"https:\/\/www.jt-line.fi\/sve\/wp-json\/wp\/v2\/pages\/153"}],"wp:attachment":[{"href":"https:\/\/www.jt-line.fi\/sve\/wp-json\/wp\/v2\/media?parent=339"}],"curies":[{"name":"wp","href":"https:\/\/api.w.org\/{rel}","templated":true}]}}